**2 - 1. What is p(-12)?
-17
Let b(t) = -186*t**2 - 4 + t + 185*t**2 + 2*t + 31. Give b(7).
-1
Let m be 3/(-3)*(0 + -1). Let p(c) = c - 2 - 2 + m + c**2. Let i(w) = 103*w + 409. Let a be i(-4). Calculate p(a).
3
Let q(h) be the first derivative of 7*h**2 - 1. Suppose -98*z - 15 = -83*z. Calculate q(z).
-14
Suppose 11 + 1 = 3*z. Suppose q - 4*q = 0. Let g(c) = -z*c + q*c - 2*c + 1 - c**2. Give g(-5).
6
Let p(f) = f**3 - 8*f**2 + 6*f + 1. Suppose -3*a - 29 = -n + a, -4*n + 60 = -2*a. Suppose 4*b + 0*b - 5*j - n = 0, b - 2*j - 1 = 0. Give p(b).
-6
Let v(y) = 8*y + 170. Let r be v(-22). Let u(t) = 2*t**2 + 7*t - 5. Give u(r).
25
Let j = -7 - -8. Let c(x) = -x + 1. Let s(r) = -r + 4. Let z(w) = -w - 1. Let n(f) = s(f) + z(f). Let d(t) = j*n(t) - 3*c(t). What is d(1)?
1
Let w(a) be the first derivative of 2*a**3/3 + 3*a**2/2 + a + 20. Give w(-2).
3
Let v = -2746 + 2753. Let m(t) = 2*t - 19. Let j(g) = -g + 6. Let l(z) = -7*j(z) - 2*m(z). Determine l(v).
17
Let l = 54 - 47. Let g(a) = 6*a - 10. Determine g(l).
32
Suppose 0 = -4*v + 5*u + 13, 0 = -4*v - v + u + 32. Suppose -2*j = -v*j + 80. Let o(g) = 2*g**2 + 0*g - j + 22 - g - 3*g**2. Give o(0).
6
Let n(o) be the third derivative of -o**6/720 - o**5/20 - o**4/24 - 6*o**2. Let f(a) be the second derivative of n(a). Give f(-9).
3
Let s = -1601 + 1605. Let a(v) = -v**2 + 5*v - 4. Calculate a(s).
0
Let v = -54 - -154. Suppose -17*c - 3*c = -v. Let y(x) = x**2 - 3*x - 3. Give y(c).
7
Let m(c) be the third derivative of -c**4/12 + c**3/6 - 270*c**2. Determine m(10).
-19
Let p(b) = -b + 2. Let n(h) = 4*h + 57. Let l be n(-9). Suppose -41 = -5*a - l. Calculate p(a).
-2
Let b(c) be the third derivative of 0 - 9*c**2 + 0*c - 1/12*c**4 + 5/6*c**3. Give b(4).
-3
Let j(s) be the second derivative of s**5/20 + 5*s**4/12 + s**3/3 + s**2/2 + 3*s - 6. What is j(-5)?
-9
Let d(j) = 7*j**3 + 7*j**2 - j + 3. Let p(t) = -t**3 - t**2 - 1. Let z(h) = d(h) + 5*p(h). Let a(c) = c**2 + 3*c - 26. Let r be a(4). Determine z(r).
20
Suppose -8*x + 42 = -x. Let k(o) = -o**2 + 3*o + 2. Calculate k(x).
-16
Suppose 3*y + 51*v - 4 = 53*v, -5*y - 4 = 2*v. Let a(f) = -f**2 + f - 3. Determine a(y).
-3
Let o = 44 - 40. Let b(n) = -n**3 + 3*n + 22*n**2 - 38*n**2 + 18*n**2 - o. Calculate b(3).
-4
Let o(n) be the second derivative of -n**5/20 - n**3/6 - 3*n**2/2 - 11*n - 3. What is o(0)?
-3
Let n(g) = g - 16. Let a be 1 + (2 + 1 - 3). Let u = 13 + a. Let w be n(u). Let o(j) = -j**3 + j**2 - 2. Determine o(w).
10
Let b(y) = y**3 - 12*y**2 - y + 15. Let o be b(12). Let x(r) = 4*r + 623 - o*r - 620. Determine x(0).
3
Let o = -79 + 75. Suppose 3*y + 3*p - 30 = 0, -y = -0*y + 3*p - 20. Let i(j) = 2*j + 3 + y*j**2 + 4*j**2 - 5*j**2 + j**3. Give i(o).
-5
Let x(w) = -w**3 + 12*w**2 - 17*w - 11. Let n(m) = -m**3 + 12*m**2 - 16*m - 13. Let i(y) = 2*n(y) - 3*x(y). Calculate i(10).
-3
Let u(l) = l**3 + 14*l**2 - 13*l - 12. Let n be u(-14). Let r(v) = -170*v - n*v + 339*v - 3. Determine r(-8).
5
Let a = -40 - -35. Let i(l) = 4*l - 10. Let t(x) = -5*x + 11. Let p = 0 + 6. Let j(u) = p*i(u) + 5*t(u). Give j(a).
0
Suppose 64 = -148*c + 132*c. Let y(s) = -s**2 - 14*s. Let u = 9 - 3. Let j(n) = -n + 1. Let i(m) = u*j(m) - y(m). What is i(c)?
-10
Let c(d) = 11*d. Let h(t) = -2*t**3 - 3*t**2 + t - 8. Let f be h(-4). Let b be 14/8 - (-17)/f. Determine c(b).
22
Let d(y) be the second derivative of y**3/6 - y**2/2 + 3*y - 37. Suppose 2*p + 2*p + 28 = 0. Determine d(p).
-8
Let i = -39 - -41. Let x(u) = -9 - 15*u**3 - 7*u**i + 16*u**3 - u - 7*u. Determine x(8).
-9
Let r(u) be the third derivative of -u**4/12 + 4*u**3/3 + 22*u**2. Let i be ((-423)/282)/(-3*2/32). Give r(i).
-8
Let z(o) be the first derivative of 2*o**2 - 1 + 0 - 6*o**2. Suppose 4*q - 3 = -x - 1, -3*q + 3*x = -9. Determine z(q).
-8
Let v(j) = j**3 - 5*j**2 - 5*j - 5. Let u(m) = m**2 + 2. Let h(b) = b + 12. Let z be h(12). Let a = z - 26. Let n be u(a). Calculate v(n).
1
Let y(d) be the second derivative of -d**4/12 + d**3/3 - d**2 + 3*d - 1. Let s be 36/(-30)*5/(-2). Calculate y(s).
-5
Suppose -2*w - 2*w + 56 = 0. Let a = w + -9. Let y(n) be the third derivative of -n**6/120 + n**5/15 + 5*n**4/24 - 7*n**3/6 + 2*n**2. Give y(a).
-7
Let a(x) = 12*x**3 + 19*x**2 - 26*x - 32. Let r(z) = 7*z**3 + 9*z**2 - 13*z - 16. Let k(n) = -3*a(n) + 5*r(n). Determine k(-13).
16
Suppose 2*n - 17*n = -45. Let c(y) be the third derivative of 0*y - 3*y**2 - 1/20*y**5 + 2/3*y**n + 0 - 5/24*y**4 + 1/120*y**6. Give c(4).
0
Let f be (0 + (-14)/4)*-2. Let z(t) = -t**3 + 8*t**2 - 7*t + 3. Let i be z(f). Suppose 0 = -5*b - i*j - 17, 5*j = b + 9 - 0. Let h(x) = -x + 1. Calculate h(b).
5
Let j = 204 + -212. Let v(u) = u**3 + 9*u**2 + 7*u - 2. What is v(j)?
6
Let s(q) = 3*q**2 - 7*q - 6. Let g(b) = 7*b**2 - 14*b - 12. Let i(x) = 2*g(x) - 5*s(x). Calculate i(6).
12
Let s(o) = -2. Let a(h) = -h - 1. Let z(r) = a(r) - s(r). Calculate z(0).
1
Let c(s) = -s**2 - 11*s + 14. Let b(r) = -r**2 - 11*r + 13. Let u(g) = -6*b(g) + 5*c(g). Give u(-12).
4
Let k be 14 + 2*(-1 + 2). Let n = k + -13. Let l(q) = -9*q - 3 + n. Give l(-1).
9
Let f(m) = 16*m**2 + 26*m - 30. Let p(w) = -9*w**2 - 13*w + 15. Let i(z) = -4*f(z) - 7*p(z). Give i(-13).
15
Let f(b) = -2*b**2 + 1. Suppose 2*x - 53 = 3*c, c - 2*x + 68 = -3*c. Let m = 16 + c. What is f(m)?
-1
Let v = -39 + 45. Let i(k) = 1 - 1 + k**3 - k + 0*k**2 - 8 - 6*k**2. Calculate i(v).
-14
Let q(n) = 25*n**2 - 1. Let i(l) = 29*l - 521. Let u be i(18). Calculate q(u).
24
Let o(c) = -2*c + 0*c - c**2 - 5 + 11*c. Let u(g) be the first derivative of -g**3/3 - 4*g**2 - 9*g + 7. Let k be u(-5). Give o(k).
13
Let k(h) = 1439*h - 477*h - 479*h - 484*h - 13. Calculate k(-9).
-4
Let r(s) = 25*s**3 - 6*s**2 + 8*s - 4. Let o be r(2). Let i(d) = -88 + o - 93 - d. Calculate i(9).
-2
Let w be (-9)/(-2)*30/45. Let h = w + 0. Let o(z) = -3*z**2 + 3*z - 7. Let k(q) = -2*q**2 + 2*q - 6. Let b(p) = 5*k(p) - 4*o(p). Determine b(h).
10
Let w(h) = -4*h**2 - 12*h - 5. Let v(a) = -a**2 - a - 2. Let y(j) = -5*v(j) + w(j). Determine y(8).
13
Let g(p) = p - 10. Let j(r) = 4*r - 31. Let w(m) = 8*g(m) - 3*j(m). Let h be w(4). Let k(q) = -q**3 - 5*q**2 - 2*q + 4. What is k(h)?
-8
Let v(i) = -i**2 - 5*i + 23. Let r be v(-9). Let a(y) = -y**2 - 13*y + 7. Determine a(r).
7
Let w(o) = -o**2 - 11*o - 15. Suppose 0 = -2*t - 5 - 15. Let y be w(t). Let r be y*(-3 + (-56)/(-20)). Let l(v) = -6*v**2. Determine l(r).
-6
Let g = 1240 + -1244. Let p(f) = -8*f - 6. Determine p(g).
26
Suppose -z - 8 = -2*j, z + 16 = j + 12. Let v(u) = u**3 - 5*u**2 + 3*u - 2. Determine v(j).
-6
Let d(m) = 4*m**2 - 2*m - 2. Let o = 44 + -22. Let r = o + -17. Suppose 3*j - 1 = r. Determine d(j).
10
Let h(i) = -i + 6. Let u be h(3). Let c(y) be the second derivative of y**5/20 - y**4/4 - y**3/6 + 2*y**2 - 2*y - 15. What is c(u)?
1
Let x be 12/6 + (5 - 1). Let j(c) = 2 - 30*c**3 - c - c - 29*c**3 + 60*c**3 - 5*c**2. Determine j(x).
26
Let j(f) = f**3 - f**2 - f + 13. Let h = 441 + -441. Determine j(h).
13
Let z(r) = r**2 + 1. Suppose -18 - 62 = 8*t. Let d = 11 + t. Determine z(d).
2
Let t(g) = g**3 + 6*g**2 + 5*g - 5. Suppose -65 = 90*y - 77*y. What is t(y)?
-5
Let u(n) = -n**2 + 6*n - 2. Let o be u(6). Suppose 5 = 4*w - 5*q, 2 = -4*q - 2. Let a(j) = 3*j - 3 + 5 + w - 4. Calculate a(o).
-8
Let j(u) = -5*u. Let w(m) = -m**2 + 7*m - 13. Let s(b) = b**2 - 11*b + 15. Let l be s(10). Let x be w(l). Calculate j(x).
15
Let v be (-364)/(-18) - 8/36. Let a = -16 + v. Let f(t) = 2*t - 4. Determine f(a).
4
Let a(h) = -15*h**2 + 12*h - 3. Let f(n) = 4*n**2 - 3*n + 1. Let d = 53 + -55. Let j(c) = d*a(c) - 9*f(c). What is j(2)?
-21
Let j(a) = a**2 - 4*a + 4. Let u be j(4). Let r(b) = -b**3 + b - 1. Let p = -66 + 65. Let w(k) = -3*k**3 + k**2 - 1. Let s(i) = p*w(i) + u*r(i). What is s(2)?
-7
Let j(f) = f + 2. Let l be j(-3). Let u = 5 - l. Let i(w) = -w**3 + 6*w**2 - w - 1. What is i(u)?
-7
Let r be (3 - 8)*(-1 + 0). Suppose f + 39 - 13 = r*s, -18 = -5*s + 3*f. Let g(i) = -3*i + 105. Let u(q) = 3*q - 81. Let b(x) = 3*g(x) + 4*u(x). Determine b(s).
9
Let c = 10 - -5. Let q = c + -16. Let p(n) = 21*n**3 + 13*n**2 + 4*n - 11. Let g(b) = -10*b**3 - 6*b**2 - 2*b + 5. Let r(j) = -13*g(j) - 6*p(j). What is r(q)?
-5
Suppose 334*a - 290*a - 308 = 0. Let u(s) be the third derivative of -s**4/